Suppose 13*n - 15644 = 14*o - 9*o, 4*o = -3*n + 3605. Calculate the greatest common factor of 3 and n.
3
Suppose -29 + 13 = -4*f. Let p(n) = 2*n**2 - 20*n + 33. Let i be p(8). Calculate the highest common factor of i and f.
1
Let j = -65 + 34. Suppose 0 = 3*x - 4*x + d - 60, -x - 65 = -2*d. Let p = j - x. Calculate the highest common divisor of p and 60.
12
Let w = -290 - -715. Calculate the highest common divisor of 50 and w.
25
Suppose -m - 5*m + 360 = 0. Let p be (-9)/6*(-4)/(-6). Let r be p/(-2)*80/2. What is the highest common divisor of r and m?
20
Suppose 9 = y + l - 15, -3*y + 52 = -2*l. What is the highest common divisor of 940 and y?
20
Let u(g) = 4*g**2 + 2*g - 7. Let o be u(-4). Let n = 56 - o. Calculate the highest common divisor of n and 56.
7
Let m(h) = h**2 + 13*h - 2. Let c be m(-10). Let i be (-39)/26*c/6. Suppose -2*a + a + 8 = 0. What is the highest common factor of i and a?
8
Let f be (4/(-8))/1 + 86/4. Calculate the highest common divisor of 6 and f.
3
Let n be (7 - 6)*(46 + -1). Suppose -n = -2*v - v. Let t be 8/v*-3*-30. What is the highest common divisor of 24 and t?
24
Suppose 26*s + 2068 = 30*s. Calculate the highest common factor of 11 and s.
11
Let i(u) = -23*u - 20 + 20*u - 23 + 6. Let s be i(-18). Suppose 2*l - 3*g - 116 = 23, 0 = -3*l + 4*g + 208. What is the greatest common factor of s and l?
17
Let r be 1/((-2)/(-4)) + -7 + 7. Suppose -5*k = -7 - 3. Suppose k*f - r = 10. What is the greatest common factor of 66 and f?
6
Suppose x = -2*x - 9. Let n be (-16)/x + 6/(-18). Suppose -2*l - n*h - 16 = -85, 78 = 4*l - 2*h. Calculate the highest common divisor of 176 and l.
22
Let q be (-68 + 220)*1*7. What is the highest common divisor of 56 and q?
56
Let f be 3/((-14)/(-8) + -1). Suppose -5*q - f*d = -396, -4*q + 300 = -d - 0*d. Suppose 73 = 5*g - 22. What is the highest common divisor of q and g?
19
Let i(f) = 2*f + 37. Let s be i(-15). Suppose 4*k = s + 61. Calculate the highest common factor of k and 119.
17
Let l be 6/(3 + -5) - (-2 - 9). Let g(q) = -q**2 + 2*q + 5. Let i be g(-4). Let z = i + 43. What is the highest common factor of z and l?
8
Let f = 20 + -44. Let u(y) = 6*y - 14. Let s be u(9). Let k = s + f. What is the highest common factor of 40 and k?
8
Suppose 2*t - 39 = -k, -3*t + 2*k = -6*t + 56. Calculate the highest common factor of t and 990.
22
Let d(l) = 2*l**2 - 55*l - 65. Let s be d(31). What is the highest common divisor of 361 and s?
19
Suppose 4*z + u = -4, -5*z + 4 = 3*u + 16. Let n be z + -2 + -1 - -20. Suppose -y - 2*y + 561 = 0. What is the highest common factor of n and y?
17
Let f(t) = t**3 + 6*t**2 - 2*t - 12. Let c be f(-6). Suppose c = -3*k - 6 + 27. Calculate the greatest common divisor of 77 and k.
7
Let p be -1*(-1 + 8) + 1. Let k be (p/8)/(3/84). Let b be k/(-6)*(2 - 0). Calculate the greatest common divisor of b and 21.
7
Suppose -16*v - 6786 = -74*v. What is the highest common factor of v and 27?
9
Let f be ((-16)/(-6))/(-2)*51/(-34). Let b be f - ((0 - -2) + -2*14). Calculate the highest common factor of 70 and b.
14
Suppose -12*g + 15*g - 1404 = 0. What is the highest common divisor of g and 52?
52
Let o = 31 - 25. Suppose -3*c - 4*f + 5 = -7, -c + 2*f = o. Suppose 2*x - k - 16 = c, 5*x - 34 = -2*k + 3*k. Calculate the highest common factor of x and 2.
2
Suppose -47*u + 200 = -82. Calculate the highest common divisor of u and 56.
2
Let v(l) be the first derivative of -1/3*l**3 - 5*l + 9/2*l**2 + 5. Let a be v(7). What is the greatest common factor of a and 72?
9
Suppose -2*v = 3*w - 53, 5*w + 3*v = 5*v + 99. What is the highest common factor of w and 1?
1
Let u(j) be the third derivative of 1/60*j**5 - 2/3*j**3 + 0*j - 1/24*j**4 + 5*j**2 + 0. Let h be u(3). What is the highest common divisor of h and 22?
2
Let a = -47 + 47. Let m be a + -1 + 9/3. What is the greatest common divisor of 5 and m?
1
Let v = 14 + -8. Let z be 15*(-2 - (-14)/v). Suppose 65 - z = 5*h. What is the greatest common factor of h and 8?
4
Let a be 10/4*16/20. Suppose -2*k + u + 2 = 0, a*u = 5*k - 0*u - 7. Suppose 158 = k*h + 14. What is the greatest common divisor of 32 and h?
16
Suppose s - 2*y = 14, 2 = -2*s - y + 5. Suppose -s = -5*q + 36. Calculate the highest common factor of q and 128.
8
Let d(s) = -s**2 - 13*s - 8. Let c be d(-12). Suppose 703 + 369 = 3*j - c*m, -5*m + 332 = j. Calculate the highest common divisor of 44 and j.
44
Let g be 0 + 0 + -205*176/(-55). Calculate the greatest common divisor of 32 and g.
16
Let d be 400/14 - (-9)/(189/(-12)). Calculate the greatest common divisor of d and 7.
7
Suppose 4*z = 4*m - 828, 5*m - 4*z = 563 + 470. Calculate the highest common factor of m and 123.
41
Let p = -248 + 252. Let n(k) = -k**2 + 10*k + 1. Let q be n(11). Let u = -6 - q. Calculate the highest common divisor of p and u.
4
Let q = 15 - 10. Suppose 0 = -g - b - 3*b + 238, -q*b + 1190 = 5*g. Let y be 2/3 - g/(-21). Calculate the greatest common divisor of 30 and y.
6
Suppose 4470 = y + 7*i - 12*i, -6*y + 4*i + 26742 = 0. What is the highest common divisor of 27 and y?
27
Let o be (0/(-1))/(12 + -13). Suppose 3*v - v + b = 217, 5*v - 3*b - 537 = o. Calculate the highest common factor of 12 and v.
12
Let t be 0 - -26 - (-8 - -1). What is the highest common factor of 528 and t?
33
Let v be (-13)/((-26)/(-4)) + 739. Calculate the highest common divisor of v and 11.
11
Let u(c) = c**2 - 3*c + 4. Let z be u(4). Suppose 41 = 10*r - 679. Calculate the highest common divisor of r and z.
8
Suppose 48 + 30 = -3*t. Let g = -22 - t. Suppose -2*i = 10, k - 3*k - 3*i = 13. What is the highest common divisor of k and g?
1
Suppose -5*n - 2*n = 728. Let d = -91 - n. What is the highest common factor of 13 and d?
13
Suppose -q + 189 + 64 = -2*x, -q - 3 = 0. Let v = -118 - x. Calculate the highest common factor of v and 80.
10
Let i(t) = 1361*t**2 - 7*t - 10. Let n be i(-2). What is the highest common factor of n and 24?
24
Let v(m) = m**2 - m + 20. Let b be (3 + -4)*5/(-1). Let w be v(b). Calculate the greatest common divisor of w and 32.
8
Suppose 3*c + 5*j - 110 = 0, -4*c + 2*c + 4*j = -44. Let p = 912 - 902. What is the highest common divisor of c and p?
10
Let s(k) = -3*k - 1. Suppose 2*y - y = -5. Let n be s(y). Suppose -3*h - 5*l + 220 = 0, -h = 5*l - 9 - 71. Calculate the greatest common divisor of h and n.
14
Let j be 6 - (5/1 - 2). Suppose 4*p - 15 + j = 0. Suppose w + 601 = 6*w - 3*d, 5*d - 347 = -p*w. What is the highest common factor of w and 17?
17
Let t(p) be the third derivative of -1/3*p**3 - 1/12*p**4 + 0*p - p**2 + 0. Let l be t(-5). What is the highest common factor of l and 8?
8
Let k be ((-1)/2)/((-2)/(-72)). Let g be (-5)/(-2) + k/(-12). Suppose 6*p - g*p = 48. What is the greatest common divisor of 3 and p?
3
Suppose -k + 3*u + 43 = 4*u, -4*k = 5*u - 174. Suppose -820 = -2*z - 4*f - 180, 3*z + 4*f = 968. What is the greatest common divisor of z and k?
41
Let m(y) = y**3 - 10*y**2 - 8*y + 209. Let t be m(7). Suppose o + 2*o - 87 = 0. Suppose q + 11 - o = 0. What is the highest common divisor of q and t?
6
Suppose 41*g - 66 = 42*g. Let q = g + 103. Calculate the greatest common factor of q and 148.
37
Let w(m) = -m**2 - 2*m + 20. Let y be w(-4). Calculate the greatest common divisor of y and 4.
4
Let a be 50*(2 + 32/(-20)) - -2. What is the highest common factor of 77 and a?
11
Let a(f) = f**3 + 16*f**2 - 16*f - 22. Let q be a(-16). What is the greatest common factor of q and 18?
18
Suppose -3*t = 5*v - 76, -3*t + 5*v + 21 + 35 = 0. Let j = 220 + -211. Suppose 11*x - j*x = t. What is the greatest common divisor of x and 88?
11
Suppose 22*l = 12*l + 40. What is the greatest common divisor of l and 20?
4
Suppose 4*k + 5*o = 3332, 0 = -4*k + 4*o - 236 + 3532. Suppose -k = 143*u - 147*u. What is the greatest common divisor of u and 9?
9
Suppose 4*w - 1 - 15 = -4*k, -5*k = 0. Suppose 6*l - 24 = w*l. Calculate the highest common divisor of 30 and l.
6
Suppose -21*u + 4303 + 2858 = 0. What is the greatest common divisor of u and 155?
31
Suppose -6*w + 3*w + 30 = 0. Let k = w + 2. Let y be (-1434)/(-15) + 2/5. Calculate the highest common factor of k and y.
12
Let q = -112 - -36. Let x = -46 - q. Calculate the greatest common divisor of x and 20.
10
Let h(a) = -5*a**2 - 19*a + 1. Let q be h(-3).